{"id":1395,"date":"2024-05-06T13:56:56","date_gmt":"2024-05-06T13:56:56","guid":{"rendered":"https:\/\/ethik-portage.fr\/index.php\/login-2\/"},"modified":"2024-05-16T14:16:12","modified_gmt":"2024-05-16T14:16:12","slug":"login-2","status":"publish","type":"page","link":"https:\/\/ethik-portage.fr\/index.php\/login-2\/","title":{"rendered":"Connexion"},"content":{"rendered":"\n<div class=\"um um-login um-1385\">\n\t<div class=\"um-form\">\n\t\t<form method=\"post\" action=\"\" autocomplete=\"off\">\n\t\t\t<div class=\"um-row _um_row_1 \" style=\"margin: 0 0 30px 0;\"><div class=\"um-col-1\"><div  id=\"um_field_1385_user_email\" class=\"um-field um-field-text  um-field-user_email um-field-text um-field-type_text\" data-key=\"user_email\"><div class=\"um-field-label\"><label for=\"user_email-1385\">Adresse e-mail<\/label><div class=\"um-clear\"><\/div><\/div><div class=\"um-field-area\"><input  autocomplete=\"off\" class=\"um-form-field valid \" type=\"text\" name=\"user_email-1385\" id=\"user_email-1385\" value=\"\" placeholder=\"\" data-validate=\"unique_email\" data-key=\"user_email\"  aria-invalid=\"false\" \/>\n\n\t\t\t\t\t\t<\/div><\/div><div  id=\"um_field_1385_user_password\" class=\"um-field um-field-password  um-field-user_password um-field-password um-field-type_password\" data-key=\"user_password\"><div class=\"um-field-label\"><label for=\"user_password-1385\">Mot de passe<\/label><div class=\"um-clear\"><\/div><\/div><div class=\"um-field-area\"><input class=\"um-form-field valid \" type=\"password\" name=\"user_password-1385\" id=\"user_password-1385\" value=\"\" placeholder=\"\" data-validate=\"\" data-key=\"user_password\"  aria-invalid=\"false\" \/>\n\n\t\t\t\t\t\t\t<\/div><\/div><\/div><\/div>\t\t<input type=\"hidden\" name=\"form_id\" id=\"form_id_1385\" value=\"1385\" \/>\n\t\n\t<p class=\"um_request_name\">\n\t\t<label for=\"um_request_1385\">Only fill in if you are not human<\/label>\n\t\t<input type=\"hidden\" name=\"um_request\" id=\"um_request_1385\" class=\"input\" value=\"\" size=\"25\" autocomplete=\"off\" \/>\n\t<\/p>\n\n\t<input type=\"hidden\" id=\"_wpnonce\" name=\"_wpnonce\" value=\"726f0a17f9\" \/><input type=\"hidden\" name=\"_wp_http_referer\" value=\"\/index.php\/wp-json\/wp\/v2\/pages\/1395\" \/>\n\t<div class=\"um-col-alt\">\n\n\t\t\n\n\t\t\t<div class=\"um-field um-field-c\">\n\t\t\t\t<div class=\"um-field-area\">\n\t\t\t\t\t<label class=\"um-field-checkbox\">\n\t\t\t\t\t\t<input type=\"checkbox\" name=\"rememberme\" value=\"1\"  \/>\n\t\t\t\t\t\t<span class=\"um-field-checkbox-state\"><i class=\"um-icon-android-checkbox-outline-blank\"><\/i><\/span>\n\t\t\t\t\t\t<span class=\"um-field-checkbox-option\"> Se souvenir de moi<\/span>\n\t\t\t\t\t<\/label>\n\t\t\t\t<\/div>\n\t\t\t<\/div>\n\n\t\t\t\t\t\t<div class=\"um-clear\"><\/div>\n\t\t\n\t\t\t<div class=\"um-left um-half\">\n\t\t\t\t<input type=\"submit\" value=\"Connexion\" class=\"um-button\" id=\"um-submit-btn\" \/>\n\t\t\t<\/div>\n\t\t\t<div class=\"um-right um-half\">\n\t\t\t\t<a href=\"https:\/\/ethik-portage.fr\/index.php\/register\/\" class=\"um-button um-alt\">\n\t\t\t\t\tS\u2019inscrire\t\t\t\t<\/a>\n\t\t\t<\/div>\n\n\t\t\n\t\t<div class=\"um-clear\"><\/div>\n\n\t<\/div>\n\n\t\n\t<div class=\"um-col-alt-b\">\n\t\t<a href=\"https:\/\/ethik-portage.fr\/index.php\/password-reset\/\" class=\"um-link-alt\">\n\t\t\tMot de passe oubli\u00e9\u00a0?\t\t<\/a>\n\t<\/div>\n\n\t\t\t<\/form>\n\t<\/div>\n<\/div>\n<style>\n\t\t\t.um-1385.um {\n\t\t\tmax-width: 450px;\n\t\t}\n\t\t<\/style>\n\n\n\n<!DOCTYPE html>\n<html lang=\"en\">\n<head>\n<meta charset=\"UTF-8\">\n<meta name=\"viewport\" content=\"width=device-width, initial-scale=1.0\">\n<title>Menu Fixe \u00e0 Gauche<\/title>\n<style>\n  body {\n    margin: 0;\n    font-family: Arial, sans-serif;\n  }\n\n  .arrow {\n    position: fixed;\n    top: 50%;\n    left: 10px; \/* Position initiale de la fl\u00e8che *\/\n    transform: translateY(-50%);\n    background-color: #79b652; \/* Fond de la fl\u00e8che en vert *\/\n    color: #fff; \/* Texte en blanc *\/\n    padding: 30px;\n    border-radius: 0 50px 5Opx 0;\n    cursor: pointer;\n    font-weight: bold; \/* Texte en gras *\/\n    z-index: 1; \/* S'assurer que la fl\u00e8che est au-dessus du menu *\/\n    transition: left 0.3s; \/* Transition pour l'effet de d\u00e9placement *\/\n  }\n\n  .menu {\n    position: fixed;\n    top: 0;\n    left: 0; \/* Positionnement \u00e0 gauche *\/\n    height: 100vh; \/* Hauteur \u00e9gale \u00e0 la hauteur de la fen\u00eatre *\/\n    background-color: #79b652; \/* Fond du menu en vert *\/\n    padding: 20px;\n    border-radius: 0 5px 5px 0;\n    color: #fff; \/* Texte en blanc *\/\n    display: flex;\n    flex-direction: column;\n    justify-content: center;\n  }\n\n  .menu a {\n    display: block;\n    color: #fff; \/* Texte en blanc *\/\n    text-decoration: none;\n    margin-bottom: 10px;\n  }\n\n  .menu a:hover {\n    text-decoration: underline;\n  }\n<\/style>\n<\/head>\n<body>\n\n<div class=\"arrow\" id=\"arrow\">\u203a<\/div>\n\n<div class=\"menu\" id=\"menu\">\n  <a href=\"https:\/\/ethik-portage.fr\/index.php\/accueil-membre\/\">Page Accueil<\/a>\n  <a href=\"https:\/\/ethik-portage.fr\/index.php\/accelerez-votre-succes-en-tant-que-freelance-avec-nos-services-specialises\/#freelance\">Page Freelance<\/a>\n<\/div>\n\n<script>\nvar arrow = document.getElementById('arrow');\nvar menu = document.getElementById('menu');\nvar isMenuVisible = true; \/\/ Menu ouvert par d\u00e9faut lors du chargement de la page\n\n\/\/ Afficher le menu et d\u00e9placer la fl\u00e8che au chargement de la page\nwindow.addEventListener('load', function() {\n  if (isMenuVisible) {\n    menu.style.display = 'flex'; \/\/ Afficher le menu\n    arrow.style.left = '160px'; \/\/ D\u00e9placer la fl\u00e8che avec le menu\n  }\n});\n\narrow.addEventListener('click', function() {\n  if (isMenuVisible) {\n    menu.style.display = 'none'; \/\/ Cacher le menu\n    arrow.style.left = '10px'; \/\/ R\u00e9initialiser la position de la fl\u00e8che\n    isMenuVisible = false;\n  } else {\n    menu.style.display = 'flex'; \/\/ Afficher le menu\n    arrow.style.left = '160px'; \/\/ D\u00e9placer la fl\u00e8che avec le menu\n    isMenuVisible = true;\n  }\n});\n<\/script>\n\n<\/body>\n<\/html>\n","protected":false},"excerpt":{"rendered":"<p>Menu Fixe \u00e0 Gauche \u203a Page Accueil Page Freelance<\/p>\n","protected":false},"author":1,"featured_media":0,"parent":0,"menu_order":0,"comment_status":"closed","ping_status":"closed","template":"","meta":{"footnotes":""},"class_list":["post-1395","page","type-page","status-publish","hentry"],"_links":{"self":[{"href":"https:\/\/ethik-portage.fr\/index.php\/wp-json\/wp\/v2\/pages\/1395","targetHints":{"allow":["GET"]}}],"collection":[{"href":"https:\/\/ethik-portage.fr\/index.php\/wp-json\/wp\/v2\/pages"}],"about":[{"href":"https:\/\/ethik-portage.fr\/index.php\/wp-json\/wp\/v2\/types\/page"}],"author":[{"embeddable":true,"href":"https:\/\/ethik-portage.fr\/index.php\/wp-json\/wp\/v2\/users\/1"}],"replies":[{"embeddable":true,"href":"https:\/\/ethik-portage.fr\/index.php\/wp-json\/wp\/v2\/comments?post=1395"}],"version-history":[{"count":3,"href":"https:\/\/ethik-portage.fr\/index.php\/wp-json\/wp\/v2\/pages\/1395\/revisions"}],"predecessor-version":[{"id":1555,"href":"https:\/\/ethik-portage.fr\/index.php\/wp-json\/wp\/v2\/pages\/1395\/revisions\/1555"}],"wp:attachment":[{"href":"https:\/\/ethik-portage.fr\/index.php\/wp-json\/wp\/v2\/media?parent=1395"}],"curies":[{"name":"wp","href":"https:\/\/api.w.org\/{rel}","templated":true}]}}